 352?
32
Calculate the highest common divisor of 11 and 99.
11
Calculate the greatest common divisor of 240 and 1.
1
What is the greatest common factor of 39 and 18681?
39
What is the greatest common divisor of 150 and 24?
6
Calculate the greatest common factor of 583 and 53.
53
What is the greatest common factor of 184 and 32?
8
What is the greatest common factor of 120 and 2592?
24
What is the highest common factor of 125 and 5?
5
What is the greatest common factor of 32425 and 25?
25
What is the highest common factor of 1380 and 750?
30
Calculate the highest common factor of 19 and 703.
19
What is the greatest common divisor of 1430 and 585?
65
Calculate the highest common divisor of 20 and 30.
10
What is the greatest common factor of 124 and 124?
124
Calculate the highest common factor of 18 and 7146.
18
What is the greatest common divisor of 49 and 35?
7
What is the greatest common divisor of 27 and 351?
27
What is the greatest common divisor of 72 and 153?
9
What is the greatest common factor of 1197 and 703?
19
What is the greatest common factor of 225 and 9?
9
Calculate the highest common divisor of 171 and 285.
57
Calculate the greatest common divisor of 4 and 9.
1
What is the highest common divisor of 13583 and 47?
47
Calculate the highest common divisor of 308 and 77.
77
Calculate the greatest common factor of 1575 and 3500.
175
Calculate the greatest common divisor of 75599 and 17.
17
What is the greatest common divisor of 5876 and 113?
113
What is the highest common factor of 30 and 40?
10
What is the highest common divisor of 3 and 17?
1
Calculate the highest common divisor of 118 and 177.
59
What is the highest common factor of 18 and 36?
18
Calculate the greatest common factor of 200 and 1300.
100
Calculate the highest common divisor of 16510 and 260.
130
What is the highest common divisor of 289 and 68?
17
What is the greatest common divisor of 23811 and 3?
3
What is the highest common divisor of 4939 and 11?
11
What is the greatest common factor of 4 and 34?
2
Calculate the highest common factor of 888 and 333.
111
What is the greatest common divisor of 1178 and 434?
62
Calculate the greatest common divisor of 4646 and 138.
46
Calculate the greatest common factor of 111 and 259.
37
What is the greatest common factor of 280 and 120?
40
Calculate the highest common divisor of 11526 and 102.
102
What is the highest common divisor of 29 and 377?
29
What is the highest common factor of 4 and 3996?
4
What is the highest common factor of 34 and 119?
17
Calculate the highest common factor of 39934 and 82.
82
What is the greatest common factor of 87 and 1653?
87
What is the highest common factor of 114 and 190?
38
Calculate the greatest common divisor of 12 and 108.
12
Calculate the highest common divisor of 1020 and 1496.
68
Calculate the greatest common divisor of 7 and 14.
7
Calculate the greatest common factor of 137 and 27263.
137
Calculate the highest common factor of 126 and 56.
14
Calculate the greatest common factor of 14 and 3584.
14
Calculate the highest common factor of 24470 and 10.
10
What is the greatest common factor of 468 and 18?
18
What is the highest common divisor of 43 and 3?
1
What is the highest common factor of 15840 and 120?
120
Calculate the highest common divisor of 7560 and 224.
56
Calculate the highest common factor of 67 and 536.
67
What is the highest common divisor of 39 and 247?
13
What is the greatest common divisor of 1666 and 392?
98
Calculate the greatest common factor of 2310 and 10.
10
Calculate the highest common divisor of 54 and 62.
2
Calculate the highest common factor of 287 and 7.
7
Calculate the greatest common factor of 144 and 8752.
16
Calculate the highest common divisor of 1378 and 106.
106
Calculate the greatest common factor of 84 and 22596.
84
Calculate the highest common divisor of 515 and 5.
5
What is the highest common factor of 1431 and 53?
53
What is the highest common factor of 624 and 12?
12
Calculate the highest common divisor of 368 and 1024.
16
What is the greatest common divisor of 150 and 165?
15
What is the highest common factor of 23 and 4531?
23
Calculate the highest common factor of 6 and 678.
6
What is the greatest common divisor of 8 and 56?
8
What is the greatest common factor of 319 and 2233?
319
What is the greatest common factor of 109 and 50794?
109
What is the highest common divisor of 1038 and 498?
6
Calculate the greatest common factor of 31211 and 59.
59
Calculate the greatest common factor of 2193 and 51.
51
Calculate the highest common factor of 88 and 550.
22
What is the greatest common factor of 63 and 4893?
21
What is the highest common divisor of 6 and 462?
6
What is the greatest common divisor of 169 and 78?
13
What is the highest common divisor of 270 and 216?
54
Calculate the greatest common divisor of 539 and 7.
7
What is the highest common factor of 17 and 1241?
17
What is the highest common divisor of 1595 and 435?
145
Calculate the greatest common factor of 2944 and 64.
64
Calculate the highest common factor of 39 and 3601.
13
What is the highest common factor of 247 and 133?
19
What is the highest common divisor of 780 and 60?
60
Calculate the greatest common factor of 126 and 7002.
18
What is the greatest common factor of 8 and 132?
4
Calculate the highest common divisor of 102 and 34.
34
Calculate the highest common divisor of 49 and 875.
7
What is the highest common divisor of 1010 and 10?
10
What is the highest common factor of 1 and 905?
1
Calculate the greatest common factor of 51 and 255.
51
What is the highest common factor of 14 and 6?
2
What is the highest common factor of 16 and 344?
8
Calculate the highest common factor of 24 and 208.
8
What is the highest common divisor of 445 and 5?
5
Calculate the greatest common factor of 1400 and 300.
100
Calculate the highest common factor of 1073 and 58.
29
Calculate the highest common divisor of 35 and 245.
35
Calculate the highest common factor of 6 and 158.
2
What is the greatest common divisor of 29444 and 68?
68
What is the highest common divisor of 152 and 24?
8
Calculate the highest common divisor of 94 and 4042.
94
Calculate the highest common factor of 198 and 702.
18
Calculate the highest common factor of 3200 and 25.
25
What is the highest common factor of 1628 and 185?
37
Calculate the highest common factor of 1339 and 103.
103
What is the highest common factor of 308 and 112?
28
Calculate the highest common factor of 21 and 553.
7
What is the greatest common divisor of 35 and 973?
7
Calculate the greatest common factor of 78 and 101478.
78
Calculate the greatest common divisor of 486 and 27459.
243
Calculate the greatest common factor of 15 and 267.
3
Calculate the highest common factor of 44 and 4741.
11
Calculate the greatest common factor of 2508 and 48.
12
Calculate the highest common divisor of 4575 and 25.
25
Calculate the greatest common divisor of 920 and 1320.
40
What is the greatest common divisor of 57 and 969?
57
What is the highest common divisor of 297 and 2112?
33
What is the highest common factor of 28 and 343?
7
What is the highest common divisor of 1150 and 22?
2
What is the greatest common divisor of 1921 and 17?
17
What is the greatest common divisor of 48 and 1936?
16
What is the greatest common factor of 80 and 1072?
16
Calculate the highest common divisor of 1000 and 32.
8
What is the greatest common factor of 392 and 5978?
98
Calculate the highest common divisor of 14 and 1414.
14
What is the highest common factor of 686 and 2?
2
Calculate the greatest common divisor of 20 and 1350.
10
Calculate the greatest common divisor of 350 and 392.
14
Calculate the highest common factor of 242 and 88.
22
What is the greatest common factor of 8 and 39592?
8
What is the greatest common factor of 4280 and 100?
20
Calculate the greatest common factor of 8480 and 4.
4
What is the greatest common factor of 25 and 675?
25
What is the greatest common factor of 1449 and 4968?
207
Calculate the highest common factor of 17 and 60095.
17
Calculate the highest common factor of 42 and 651.
21
Calculate the greatest common divisor of 6 and 159.
3
Calculate the greatest common divisor of 8856 and 1.
1
What is the highest common factor of 5963 and 89?
89
What is the highest 